 be -2 + (-146)/(-30) + 8/60. Suppose u*b + 347 = 4*b. Is b composite?
False
Let m be ((-8)/2)/(-4) - 0. Let p be (3/(-9))/(m/(-6)). Suppose -j + 25 = -u - 99, -4*j = -p*u - 490. Is j a prime number?
False
Suppose -27429 = -3*w + 4*c, w + 2338 = 2*c + 11481. Is w a prime number?
False
Let g = -41487 - -79786. Is g a composite number?
False
Suppose 0 = -3*n - 1 - 2, -4*n = -5*b + 29. Suppose -4*h - 1764 = -6*h. Is h/b + 15/25 composite?
True
Suppose -77228 = -4*t + 2*x, -3*x = -t + 2*x + 19307. Is t a composite number?
True
Suppose 3*o - 2*o - t - 12 = 0, -2*o + 3*t + 27 = 0. Suppose 4*u - 2*r + 21 = o, 2*u + 22 = -3*r. Let a = u - -18. Is a composite?
False
Suppose -3*y - 442 + 88 = 0. Let v = 596 + y. Is v a prime number?
False
Is ((-32746)/(-4))/(24/48) composite?
True
Let c(h) = 21*h**2 - 8*h + 23. Let u be c(-11). Suppose -4*q - 2*a + u = 0, -5*q = -4*a - 1984 - 1318. Is q prime?
False
Is 1499*-3*(-21)/63 prime?
True
Let l = -576 + 1567. Is l composite?
False
Let n(a) = 865*a**2 - 43*a + 133. Is n(3) a prime number?
True
Let x = -31 + -4. Is -2 + (-21511)/x - 4/(-10) a prime number?
True
Let i = -5 + -3. Let p(y) = -y**2 - 9*y + 7. Let a be p(i). Is (-1929)/(-45) + 2/a a composite number?
False
Suppose -3*f = -f + 6. Let s be (-37)/f + 3/(-9). Let d(b) = -b**3 + 14*b**2 - 14*b - 17. Is d(s) a prime number?
True
Let l = 1020 - 2097. Let v = l - -1550. Is v composite?
True
Let i(w) = -67*w**3 - 5*w**2 + 3*w - 1. Is i(-4) prime?
False
Is (6591/(-3) - -3)/(-2) a composite number?
False
Suppose 2*b - 4*b = -z, 5*z + 10 = 0. Is (-144 + 3)*b/3 a composite number?
False
Let w(p) = 45*p**2 + 1. Let f be 1 + (-13)/3 + (-16)/24. Is w(f) a composite number?
True
Suppose -2377 + 279 = -m. Is m prime?
False
Let v be ((-79)/(-4))/(4/192*4). Suppose 4*m - 7 = 1. Suppose v = 5*l - m*l. Is l a prime number?
True
Suppose 8*r = 15*r - 108521. Is r composite?
True
Suppose -43*y - 10 = -45*y. Suppose -323 = -6*u + y*u. Is u a prime number?
False
Let a be (9/(-18))/(1/(-6)). Suppose -a*g + 302 = -307. Is g composite?
True
Is -1*936534/(-12) - 6/4 a prime number?
False
Suppose -h = -4*y - 21, -3*h - 1 = 5*y + 4. Suppose 2 = x - h. Suppose x*v = 4*v + 879. Is v composite?
False
Let z(a) = -3*a - 11. Let w be z(11). Let k = w + 109. Is k a prime number?
False
Suppose 8*g + 82739 = 39*g. Is g composite?
True
Let x(h) = -h**3 + 14*h**2 + 17*h - 25. Let p be x(15). Suppose -m = -5*d - 1804, -6*m + p*m - 2*d + 1797 = 0. Is m prime?
False
Is (-2)/(-17) + 978*(-99)/(-374) prime?
False
Let j be (2/(-2))/((-4)/20). Suppose j*s - 1528 = -293. Is s composite?
True
Let l = 255 - 64. Is l composite?
False
Let u be 840/(-1540) - (-100)/22. Let w = -444 + 830. Suppose 4*g - 4*l = 1192, -3*g + u*l + 505 = -w. Is g composite?
True
Let v(l) = -3*l**3 - 6*l**2 + 3*l + 1. Suppose 2*z - 16 = -4*w, -w - 2*w + 5*z - 1 = 0. Suppose 0*o + 12 = w*o, 3*o = 3*d + 27. Is v(d) a prime number?
True
Is (-2 - -5)/((-144868)/36220 - -4) a composite number?
True
Let z be (-20)/15*3/2. Is (z/4)/((-3)/834) a prime number?
True
Let m be (2 + 2)*(4 - 3). Suppose -5*u + 4 = -m*u. Suppose 0 = z - 2*z - x + 412, -u*z + 3*x = -1627. Is z composite?
False
Suppose -3*r + i = -4*r + 20, -75 = -4*r - 5*i. Suppose -18436 = r*h - 29*h. Is h composite?
True
Let n(z) = 11*z**2 + 11*z - 1. Let a = -32 - -22. Is n(a) composite?
True
Suppose -11*h = -7*h - 8. Suppose 0 = r + h*r - 114. Suppose -z + 487 - r = 0. Is z a composite number?
False
Let x(a) = 1552*a + 185. Is x(11) composite?
False
Suppose -7*c + 6*c = 0. Suppose n + 5*l - 13 = -2*n, c = -5*n - l - 15. Is (-3)/4*n - -116 a composite number?
True
Suppose -4*y + 18 + 30 = 0. Let r = y + -10. Suppose 4*n + r*t = 158, 2*n - 4*t = -3*t + 69. Is n a composite number?
False
Let x = 7 + 4. Suppose -x*w + 20 = -6*w. Is 2/w*6 + 32 prime?
False
Let m(z) = z + 4. Let u be m(-4). Suppose -9 = -3*s, 3*s - 48 = 3*f - u*s. Let b(p) = p**3 + 13*p**2 - 3*p + 14. Is b(f) composite?
False
Suppose -28*i - 8855 = -371763. Is i composite?
True
Let v = 3755 + 774. Is v composite?
True
Let y = -27741 + 73376. Is y a prime number?
False
Let f(z) = -5*z + 5 + 11*z + 2*z - 26. Is f(17) a composite number?
True
Let v = -171152 - -356737. Is v a composite number?
True
Let b = -213 + 213. Let a be (3 + -2)/((-2)/(-4)). Suppose 2*k - 589 = -r, -a*r + b*r - 287 = -k. Is k a composite number?
False
Let q(g) = -g**3 - 3*g**2 - 2*g + 2. Let u be q(-4). Suppose -335 = 25*y - u*y. Is y prime?
False
Let s = -12199 + 17136. Is s prime?
True
Let k(g) = 2*g**2 + 4*g - 23. Is k(7) prime?
True
Let v = 1 - -8. Suppose 0 = -v*t + 8008 + 857. Is t a composite number?
True
Let l = 1133 + -302. Is l a prime number?
False
Let w(x) = -x - 6. Let h be w(-7). Suppose 0 = o - 5*n - 1 - 14, -o - 2*n + h = 0. Suppose o*g = 3*p + 156 + 262, 246 = 3*g + 3*p. Is g a composite number?
False
Let l be 2/5 - 4/10. Let f(m) = m - 10. Let w be f(l). Is (6 + 0)/(w/(-145)) prime?
False
Let t = -209 - -309. Let z be t/(-36) - (-4)/(-18). Is z - (-51 - (2 + -4)) a prime number?
False
Suppose 28*t = 13*t + 72255. Is t a composite number?
False
Suppose 0 = 5*a + 10, 6*a - 5*a - 55291 = -3*y. Is y composite?
True
Let w = 43 - 34. Let d(f) = 2*f**2 + 4*f + 16. Is d(w) a prime number?
False
Suppose 3*b + 490 - 2776 = -2*a, 2*a - 3*b - 2262 = 0. Suppose k = 4*k - a. Is k composite?
False
Let g be 5 - (3 + -1) - -328. Let m = g - -1062. Is m a composite number?
True
Suppose 862*k = 872*k - 120070. Is k prime?
True
Let j be (138/4)/((-6)/(-32)). Let n(g) = -3*g - 2 + 7 + j*g**2 + 2*g**2. Is n(2) a prime number?
True
Let s be 6/9 - 2636/(-6). Let i = 793 - s. Is i a prime number?
True
Let k(j) = -j**3 + 51*j**2 - 84*j - 5. Is k(46) composite?
True
Let k(r) = r**3 + 9*r**2 + r - 9. Let z be k(-9). Let p be 1623/(-9) + 12/z. Is -5 + 3 + p/(-1) prime?
True
Let c(g) = 76*g - 4 - 51*g - 1 + 476*g. Is c(2) prime?
True
Let c(s) = 565*s**2 + 7*s - 29. Is c(3) a composite number?
False
Let w(v) = -2*v + 10. Let h be w(10). Is ((-294)/(-10) + -1)*h/(-4) composite?
False
Let c(p) = -3*p - 4. Let r be c(1). Let l(d) = 3 + 4*d + 0 - 4 + 2*d**2. Is l(r) a prime number?
False
Let c be (1/(-4))/((-4)/80). Suppose -c*v + 1096 = -v. Suppose 3*z - 4*i = 5*z - v, 2*i - 264 = -2*z. Is z composite?
False
Let t = 10549 + -7286. Is t a prime number?
False
Let h(q) be the second derivative of 65*q**3/6 + 3*q**2 + 11*q. Is h(5) composite?
False
Suppose 3*u + 600 = -m + 2665, -4122 = -2*m - 4*u. Is m composite?
False
Suppose -2*n + 13 = 31. Is (-4855)/(-7) - n/21 composite?
True
Let n(k) = 4*k. Let l be n(2). Suppose l*c - 6*c = 0. Suppose c = z + 36 - 599. Is z prime?
True
Let x(f) = -7*f**3 + 9*f**2 + 20*f - 13. Is x(-4) a composite number?
False
Is (-11708)/(-12)*3*1 composite?
False
Let k(h) = -10*h + 16*h + 4 - 8*h + 3*h**2 + 67*h**3. Let t be k(3). Suppose -d + 921 = -0*m + m, -t = -2*m + 2*d. Is m composite?
False
Suppose 16182 = k - 5*k + u, 5*u - 12128 = 3*k. Is -3*(-2)/(-6) - k a composite number?
True
Let y = -45079 - -107118. Is y a composite number?
False
Let w = -6014 - -9960. Is w a composite number?
True
Suppose 2*p + 12 = 2, -4*j + 18764 = -4*p. Suppose 12*u = 6*u + j. Is u a prime number?
False
Let k = -2 + 5. Suppose -8 - 10 = -9*y. Suppose -y*m + 4*w - 3*w = -2300, k*m + 4*w - 3461 = 0. Is m a composite number?
False
Let n = -22 + 17. Let p(y) = -181*y + 2. Is p(n) a composite number?
False
Let s(n) be the second derivative of -5/2*n**2 + 0 + 1/2*n**3 + 6*n. Is s(12) composite?
False
Suppose -3*l + 63280 = 15*s - 11*s, -2*s = -l - 31650. Is s prime?
True
Let n = -6288 - -2331. Let v = -848 - n. Is v composite?
False
Let f = 26 - 18. Suppose -10*x + f*x = 3*t - 1765, 2352 = 4*t + 2*x. Is t a composite number?
False
Let c(v) = v**3 - 3*v**2 - 3*v + 4567. Is c(0) prime?
True
Let c = -685 - -1188. Is c prime?
True
Let o(j) = -3*j - 42. Let p be o(-16). Suppose -3*s = -p, q - 3*q - s = -1230. Is q composite?
True
Suppose 0 = 4*z + 4*m - 48, -m = -3*z - 14 + 34. Suppose 0 = -3*f + z - 2. Is 63/f - 8/16 composite?
False
Suppose 0 = -2*n - 4*k + 2 + 48, 0 = -5*k - 25. Let i be ((-82)/(-4))/(2/4) - -1. Let f = i + n. Is f composite?
True
Suppose -3*x - w = -4, -4*x = -w - 9 - 1. Suppose -x*p = 3*p - 10. Is -1 - (-1 + -159)/p composite?
False
Su